it of (3/(-3) - q)/(4/34)?
1
Let v = 66 + -42. Let t be v/60 - 378/(-5). Let o = t + -47. What is the tens digit of o?
2
Suppose -6*t + 120 = -2*t. Suppose t*f = 10*f + 3200. What is the hundreds digit of f?
1
Let b(d) = d**3 - d**2 - 2*d - 7. Let f be b(3). Let z(y) = 10*y - 3. What is the units digit of z(f)?
7
Suppose -5*y = 4*v - 254, 2*v = 6*v + 2*y - 248. Let z = v - -7. What is the units digit of z?
8
What is the tens digit of ((-12)/18)/(30/(-89595))?
9
Suppose -665 = -8*c + 1063. What is the hundreds digit of c?
2
What is the units digit of ((-583)/(-2))/(26/104)?
6
Let g(m) = m**3 - 6*m**2 + 3*m + 4. Suppose 0 = -f + 7*f - 36. What is the tens digit of g(f)?
2
Let s be 1/(1/18*-2). What is the tens digit of 27/s*(-32)/6?
1
Let o = -6 - 4. Let b = o - -10. Suppose 5*z + 177 = 4*x, -2*z = x - 41 - b. What is the tens digit of x?
4
Let g(l) = 667*l + 91. What is the hundreds digit of g(1)?
7
Let t(d) = 4*d - 4*d**2 - 13*d**3 - 13*d**3 + 2 + 27*d**3. What is the units digit of t(3)?
5
Suppose -3*n - 2*n + 4*g + 27 = 0, 2*g = -2*n. Suppose -3*p + 5*u = -196, 2*u - 180 = -n*p - u. What is the units digit of p?
2
Let k(h) = -h**2 + 6*h + 1. Let u be k(5). Let b(x) = x**2 - 4*x - 5. Let f be b(u). Suppose 9*v - 92 = f*v. What is the units digit of v?
6
Let j(i) = -3*i + 7. Suppose -8 - 11 = -5*d - 2*h, 11 = 4*d + 3*h. Let t be j(d). What is the units digit of 1*(32 + t/4)?
0
What is the hundreds digit of 3 - (7 + -2315 + -10)?
3
Suppose 2*b + c = -0*b + 102, 4*b = 5*c + 190. Let j be ((-2)/(-8))/((-17)/68). What is the units digit of (8/(-20))/(j/b)?
0
Let g(y) = 7*y - 2*y + 2*y**3 - 4*y**2 - 3*y - 7 + 4*y. What is the tens digit of g(4)?
8
Let b = -1393 - -2806. What is the hundreds digit of b?
4
Let j(k) be the second derivative of -3*k**5/20 - 5*k**4/12 - k**3/3 + 20*k. What is the tens digit of j(-3)?
4
Suppose -4*n - 132 = -k, 0 = -4*k + 2*k - 3*n + 209. Let t be (-7)/(-21) - (-3)/(-9). Suppose -3*z + 286 - k = t. What is the tens digit of z?
5
Suppose -l + 8 = l. Suppose -7*f = -l*f - 126. Let k = f + -24. What is the tens digit of k?
1
Let p(r) = 16*r + 30. Let f be p(9). Suppose -3*y - 5*d + 223 = 0, 6*y - 3*d - f = 4*y. What is the tens digit of y?
8
Let r(s) = 8*s - 8. What is the units digit of r(18)?
6
Let h(a) = -2*a. Let b be h(-4). Let o(x) = 11 + 8*x + x - 29. What is the units digit of o(b)?
4
Let c be 37644/(-8)*(-8)/(5 - 3). What is the units digit of -5 + c/66 + (-2)/11?
0
Let w = -3966 + 8228. What is the tens digit of w?
6
Let r = -45 - -93. Suppose -114 - r = -k. What is the units digit of k?
2
Suppose -3*j + 14613 = 5*n - 0*j, 4*n - 4*j = 11716. What is the hundreds digit of n?
9
Let d(s) = 2*s**3 - 4*s**2 - 9*s - 5. Let t(k) = 5*k**3 - 11*k**2 - 26*k - 15. Let i(p) = -8*d(p) + 3*t(p). What is the tens digit of i(-3)?
3
Let t(d) = -6*d**3 + 3*d**2 - 7*d - 8. Let l be t(-3). Let b = l + -92. What is the tens digit of b?
1
Let v(w) = w**3 - 2*w**2 - 4*w - 5. Let h be v(4). Let a(j) = 4*j**3 + 10*j**2 - 5*j**3 - 6886*j + 6899*j - 8. What is the units digit of a(h)?
4
Suppose 0 = 3*d - 12. Suppose -h + 56 = h. Let c = h - d. What is the units digit of c?
4
Suppose 2*y + 4*w - 876 = 0, 0 = -3*y - 7*w + 10*w + 1359. What is the tens digit of y?
4
Let b(q) = 2*q - 4. Let l be b(4). Let j be 6/15 - l/10. What is the units digit of -1 - (j - (-1 + 17))?
5
Let r(j) = -j**2 - 19*j - 5. Let b = -19 + 10. What is the tens digit of r(b)?
8
Let l(v) = 1170*v**2 - 25*v + 23. What is the hundreds digit of l(1)?
1
Let n = 49 + 249. What is the hundreds digit of n?
2
Suppose 6045 = 6*w + 2055. What is the tens digit of w?
6
Suppose -2*n = 80 - 88. Suppose -5*l = n*d - 2 - 289, 2*l - 5*d - 123 = 0. What is the units digit of l?
9
Let a = -20 + 23. Let m(t) = t**3 - 4*t**2 - 6. Let j be m(5). Suppose j = -a*r + 4*r. What is the tens digit of r?
1
Let c(p) = p**3 + 26*p**2 - 41*p - 21. What is the units digit of c(-26)?
5
Let u = -11 - 4. Let c = u + 12. What is the units digit of 15 + c + -2 + 4?
4
Let n(l) = 10*l**3 + 2*l**2 - 5*l + 3. Let y be n(3). Let d = y + -170. What is the hundreds digit of d?
1
Suppose 88398 = -109*w + 136*w. What is the units digit of w?
4
Suppose 0 = -8*i + 1780 + 372. Let g = 3 + i. What is the tens digit of g?
7
Suppose -9*d + 15 = -4*d. Suppose -3*y - 5 + 26 = 0. Suppose y*c - 32 = d*c. What is the units digit of c?
8
Suppose -22 = 5*u - 4*b, -5*u + 5*b = 5 + 20. Let p = -2 - u. Suppose 6*v - 2*v = -4*j + 96, -j - 3*v + 24 = p. What is the tens digit of j?
2
Suppose 7*m - 6*m = 166. Suppose 2*o = 2*p - 176, 31 = 2*p + 5*o - m. What is the units digit of p?
1
Suppose 4*p - 306 = -3*s + 222, 3*p - 396 = 5*s. Let t = p - 22. What is the units digit of t?
0
Let f(o) = 10*o. Let h be f(3). Suppose -2*v = -4*y - h, 0*v - 3*v = y - 24. Let q = v - 1. What is the units digit of q?
8
Let y(u) = 2*u**2 - 3*u + 1. Let l be y(2). Suppose x = 6*x - l*f - 148, 0 = 3*x - 2*f - 89. What is the units digit of x?
9
Let y = 42 - 25. Suppose 0*j - 165 = -3*j. Suppose -k = y - j. What is the tens digit of k?
3
Suppose 1076 = 17*s - 811. What is the hundreds digit of s?
1
Let o = -32 - 6. Let f = -11 - o. What is the tens digit of f?
2
Let j(k) be the first derivative of k**4/4 + 5*k**3/3 + 7*k**2/2 - 9. Let o be j(-3). Let h = 24 + o. What is the tens digit of h?
2
Let o(b) = -b**3 - 5*b**2 - b - 3. Let a be o(-5). Suppose a*j = -3*j - 4*h - 81, -3*h - 25 = j. Let l = 82 + j. What is the tens digit of l?
6
Let f(b) = 2*b**2 - b + 19. Let u be f(0). Suppose 10 = 3*m - 5*g, -2*m - 2*m = -g - u. What is the units digit of m?
5
Let j = -1059 + 1763. What is the units digit of j?
4
Suppose -2*i = -3*u - 1 + 32, -3*i = -u + 57. Let o be 3/5 + (-28)/i. Let n(s) = s - 1. What is the units digit of n(o)?
1
Suppose 9371 = 4*s - u, -5*u - 7007 = -6*s + 3*s. What is the hundreds digit of s?
3
Suppose 0 = -21*s + 22*s - 1551. What is the units digit of s?
1
Let h = 601 + 546. What is the tens digit of h?
4
Let m be ((-731)/34)/(1/(-4)). Let z = 93 - m. What is the units digit of z?
7
Let r = 2 - -1. Let p(z) = -9*z**3 + 7 + 10*z**3 - 9*z**2 + 13*z - r*z. What is the tens digit of p(8)?
2
Suppose 5*d = d - 20. What is the hundreds digit of (((-1)/4)/(d/2260))/1?
1
Let z(d) = -d**3 - 9*d**2 + 10*d - 4. Let g be z(-10). What is the units digit of 3/(-12) + (-229)/g?
7
Let g be -36*19/((-5)/(10/6)). Suppose -16 = 2*a - g. What is the tens digit of a?
0
Let n = -247 - -517. What is the units digit of n?
0
Let n(y) = -y**3 - 8*y**2 + y + 26. What is the units digit of n(-9)?
8
Let l = -5714 + 8096. What is the units digit of l?
2
Suppose 4*p - 5*a = 399, p - 5*a + 106 = 2*p. Suppose 2 = -n + 6. Suppose 43 = n*j - p. What is the units digit of j?
6
Suppose 4*b = -4*k + 288, 264 = 3*b + k + 42. Let a = b + -39. What is the tens digit of a?
3
Let o(f) = 7*f**2 + 8*f - 3. What is the tens digit of o(3)?
8
Suppose 23 = 4*h - 3*y, h - 5*h + 15 = 5*y. Suppose c - 4*c = -5*g - 19, c = -4*g - h. Suppose 2*s - 10 = -c*s, -5*o = 2*s - 74. What is the tens digit of o?
1
Suppose -32 + 319 = -7*j. Let u(r) = 8*r + 3. Let z be u(-3). Let i = z - j. What is the units digit of i?
0
Suppose -4*t + 1888 = -5*g, 7*t - 11*t = 5*g - 1888. What is the hundreds digit of t?
4
Let y be 1*-26*1/(-2)*-1. Let t(i) = i**3 + 16*i**2 + 20*i - 2. What is the units digit of t(y)?
5
Suppose 2 - 12 = -2*g. Suppose -5*j - 47 + 573 = -2*f, -g*f = 3*j - 328. What is the units digit of j?
6
Let s = -157 - -157. Suppose v + 9*v - 1160 = s. What is the hundreds digit of v?
1
Let d(i) = 53*i**2 - 3*i + 28. What is the tens digit of d(4)?
6
Let s(z) = -z**3 + 7*z**2 - 7*z + 6. Let r be s(6). Let o(b) = -b + 6. Let a be o(r). Suppose -j + 14 = x - a*j, 3*j - 15 = -2*x. What is the units digit of x?
9
Let d(q) = q**2 - 8*q + 1. Suppose 5*c + 839 = j, 0 = -3*c + 2*j - 291 - 211. Let m be c/(-12) - (-1 + 3). What is the units digit of d(m)?
9
Suppose -88 = o + o. Let g = -21 - o. Let x = g + -18. What is the units digit of x?
5
Let w = -9 - -12. Suppose 46 = -w*i - 242. What is the units digit of (6/(-4))/(8/i)?
8
Suppose -5*b - 5*v - 110 = -v, -v + 83 = -3*b. Let w = 16 + b. Let g = 8 - w. What is the tens digit of g?
1
Suppose 1080 = -24*c + 32*c. What is the hundreds digit of c?
1
What 